 0. Suppose 12 = 4*t, x*z - 3*z - 2*t - 304 = 0. Suppose -h + 4*h - z = -4*g, -h - g = -21. What are the prime factors of h?
2, 11
Let o(g) = -6*g**2 + 17*g**2 - g**2. Let c be (-5)/2*4/(-5). What are the prime factors of o(c)?
2, 5
Let q(w) = 28*w**3 + w**2 - 2*w + 1. Let l be q(1). Let v = 126 - l. List the prime factors of v.
2, 7
Let m(l) = 66*l**3 + 2*l**2 + 7*l - 4. What are the prime factors of m(2)?
2, 3, 7, 13
Let f = -40 + 42. Suppose -2*x = -f*a + 44, 4*a - 44 = 2*x + 52. List the prime factors of a.
2, 13
Let w be 16/12*(-1 + 7). Let f = 9 - w. Let q(j) = 28*j**2. List the prime factors of q(f).
2, 7
Suppose h = -4*h - 2*s - 11, 5*s + 17 = -2*h. Let r(d) = -15*d + 4. What are the prime factors of r(h)?
19
Suppose -3*r + 5*x + 5530 = 0, 51 - 76 = 5*x. What are the prime factors of r?
5, 367
Suppose 3*y + 2*y - n = 22, 0 = 4*y - n - 17. Suppose y*q = 16*q - 44. List the prime factors of q.
2
Suppose 3*v + 5*r = 53 + 29, -v + 34 = -5*r. Let m = v + -73. Let a = m - -112. What are the prime factors of a?
2, 17
Let y(d) = 3113*d**2 - d + 2. List the prime factors of y(1).
2, 3, 173
Let o = -87 - -403. Suppose 4*s = -100 + o. List the prime factors of s.
2, 3
Suppose -2*d + 6 = 4*d. Let q(b) = -34*b - 1. Let k be q(d). Let h = k + 61. List the prime factors of h.
2, 13
Let z = 1000 - 410. What are the prime factors of z?
2, 5, 59
Let o(i) = -6*i + 30. Let p = -11 + -5. What are the prime factors of o(p)?
2, 3, 7
Suppose 8 = 5*k + 3*y - 137, -3*k + 5*y + 53 = 0. List the prime factors of (-9)/(18/(-4))*k.
2, 13
Let l = 34 + 76. Suppose 41 = -3*n + l. What are the prime factors of n?
23
List the prime factors of (6 + (-156)/15)*-175.
2, 5, 7, 11
Suppose 5*n - 52 = -4*u, 0 = n - 4*u + 3 + 1. Suppose 2*z + 2*z - n = 0. Suppose 0*x - 5*x = -z*q + 51, -5*q = -2*x - 96. What are the prime factors of q?
2, 3
Let o = -17 + 15. List the prime factors of 2/5*(70 + (-7 - o)).
2, 13
Let o(r) = r + 23. Let y(p) = p**2 - 3*p. Let s be y(5). What are the prime factors of o(s)?
3, 11
Let s(z) = 12*z - z**2 - 1 + 3*z**2 + 11 + 6. List the prime factors of s(-7).
2, 3, 5
Suppose t - 4*r - 71 = 0, 4*t - 182 = 2*t - 2*r. Let u = 133 - t. Let l = 4 + u. What are the prime factors of l?
2, 5
Let n = 1 - 1. Suppose n = -5*f - 10 + 310. List the prime factors of f.
2, 3, 5
Suppose 0 = -45*i + 35*i + 5210. Let q = i + -294. What are the prime factors of q?
227
Let z = 32 - 29. What are the prime factors of ((-28)/(-12) - z)*105/(-2)?
5, 7
Let k = -142 - -64. Let a = 382 + k. List the prime factors of a.
2, 19
Let b(o) = -o**2 + 7*o - 3. Let y be b(6). Suppose y*q = 0, 2*g + 975 = 7*g + 2*q. What are the prime factors of g?
3, 5, 13
Let w(a) = -36*a - 13. Let r(d) = -35*d - 13. Let i(m) = 3*r(m) - 2*w(m). What are the prime factors of i(-3)?
2, 43
Suppose 3*j = 3, j + 4182 + 7280 = 3*t. What are the prime factors of t?
3821
List the prime factors of 759 + 3 - -14*(-4)/(-8).
769
Let q be (25/15)/(-2*4/24). Let z(m) = -m**3 + 9*m**2 + 8*m + 1. What are the prime factors of z(q)?
311
What are the prime factors of (-16913)/(-13) - (1 - 2/(-2))?
3, 433
Suppose 5*s = -2*y - 1, -4*y + 3*s = 12 + 3. Suppose -3*d = 195 + 120. List the prime factors of y/(-6) - d/6.
2, 3
Suppose 0 = -47*k + 44797 + 19781. List the prime factors of k.
2, 3, 229
Let g(o) = -o**2 - 8*o - 9. Let w be g(-6). Suppose 0 = -w*y + y + 74. Let c = y - 18. List the prime factors of c.
19
Let k(t) = 2*t**2 + 7*t - 2. Let h be k(-5). Suppose 5*n - 158 = -h. Let i = 47 - n. List the prime factors of i.
2, 3
Suppose 0 = -5*n - 88 + 3. Let j = n + 15. Let u(a) = -11*a - 7. List the prime factors of u(j).
3, 5
Let r(c) = -c**2 - 17 + 9*c + 4*c + 4*c**2 - 4*c**2. Let a be r(12). Let u(f) = f**3 + 6*f**2 + 3*f - 3. List the prime factors of u(a).
7
Let q(s) = 4*s - 5. Suppose 0 = -n - 5*r - 11, -25 = 7*n - 3*n + r. Let u be q(n). Let z = 67 + u. List the prime factors of z.
2, 19
Let r(s) = -3*s**2 + 13*s + 9. Let b(k) = k**2 - 7*k - 5. Let h(j) = -5*b(j) - 2*r(j). Let o be h(-8). Let c = 42 + o. List the prime factors of c.
41
Suppose -5*l = -c - 20, 40 = 5*l - 2*c - 3*c. Suppose -2*z + l*v = 3*z - 451, 5*z - 5*v = 455. What are the prime factors of z?
89
Let h(f) = -f**3 + 9*f**2 + 3*f + 15. Let w be h(10). Let g = w + 86. List the prime factors of g.
31
Let c = -10 - -11. Suppose c - 3 = -s. What are the prime factors of (-3)/6 - (-7)/s?
3
Let l(k) = 11*k**2 - 2*k - 12. Let f be (-2 + -1)/((-4)/(-4)). What are the prime factors of l(f)?
3, 31
List the prime factors of (2 - (-3272)/24)*(4 - 1).
5, 83
Suppose -3*i - 2*u + 1396 = -i, 0 = -4*i + 5*u + 2801. List the prime factors of i.
3, 233
Suppose 6*o - 4*o = 5*n - 5, -3*n - 4*o + 29 = 0. Suppose y = -n*y. Suppose -2*a - 2 = 3*b - 6, y = -b - 2. What are the prime factors of a?
5
Let g(r) = r**2 - 2*r - 4. Suppose 0 = -3*b + b. Suppose b*f = 5*f - 30. What are the prime factors of g(f)?
2, 5
Let m = -167 - -169. Suppose 2*w - 322 = m*z, 4*w - 101 = z + 558. List the prime factors of w.
2, 83
Let x = -22 + 489. What are the prime factors of x?
467
Suppose 105 = 13*w + 8*w. Let r(l) = -2*l**3 + 4*l**2 + 7*l - 5. Let t be r(5). What are the prime factors of (4/(-6))/(w/t)?
2
Let s(p) = -6*p + 2 + 9*p - 8*p. List the prime factors of s(-3).
17
Let u = -147 + 262. Suppose 95 = -0*s + 2*s - 5*g, -3*s = -2*g - u. List the prime factors of s.
5, 7
Let t be ((-6)/(-3))/(2/26). Let n = t + -54. What are the prime factors of (-3)/(-21) - 1760/n?
3, 7
Suppose 2*a = 28*a - 676. What are the prime factors of a?
2, 13
Suppose -2*c - c = -6. Suppose c*d = -3*d - 20, n + d = 8. List the prime factors of n.
2, 3
Suppose -2311 = -25*g + 10064. What are the prime factors of g?
3, 5, 11
Let y(m) be the first derivative of -5/2*m**2 - 10 - 12*m - 1/4*m**4 - 2*m**3. What are the prime factors of y(-6)?
2, 3
Suppose -3*s - 6 - 45 = 0. Let t(g) = g**3 + 16*g**2 - 16*g + 23. Let o be t(s). Let k = o - 4. List the prime factors of k.
2
Let u = 73 - 182. Let b = u - -288. What are the prime factors of b?
179
Let f(y) = -3*y**3 - y**2 + 1. Let q be f(-1). Suppose 0*g + q*g = 0. What are the prime factors of 12 + 3/(-9)*g?
2, 3
Suppose 2*n + 5*o = -23, -n + 3*n = o - 5. Let g = n + 4. Suppose -s + 35 = 4*r - 2*r, s - r - 20 = g. What are the prime factors of s?
5
Let w = 1726 - -464. What are the prime factors of w?
2, 3, 5, 73
Let d(h) = 529*h + 892. List the prime factors of d(6).
2, 19, 107
Suppose -10 = 5*f - 55. Suppose -8*i + f*i = 60. List the prime factors of i.
2, 3, 5
Let g = -8 + 36. Let q = g + 112. List the prime factors of q.
2, 5, 7
What are the prime factors of ((-2818)/(-4) - -3)*238/85?
7, 283
Suppose 1577*u + 4662 = 1583*u. What are the prime factors of u?
3, 7, 37
Let g be (-30)/(-8) - 2*(-4)/32. Suppose f + 9*j = 4*j + 264, g*f + j = 961. What are the prime factors of f?
239
Let m = -1 + -2. Let q be -4 + 49 + 3/m. Suppose 16 + q = 2*a. What are the prime factors of a?
2, 3, 5
Suppose -5*p = -l + 24, -l + 2*l = 4*p + 20. Let u(y) = -5*y + y**3 + 6*y**2 + 0*y**2 - 8*y**2. What are the prime factors of u(l)?
2, 3
Suppose -4*j + 4*b = -2*j - 358, -374 = -2*j - 4*b. Suppose l + 30 = j. Let a = l + -105. List the prime factors of a.
2, 3
Suppose 81 = 7*t - 822. List the prime factors of t.
3, 43
Suppose 6*w = 4*w + 860. What are the prime factors of w?
2, 5, 43
List the prime factors of ((-22)/(-3))/((-4)/(-138)).
11, 23
Suppose y - 2*f - 40 = -0*f, 4*f = 3*y - 120. Let g be 1/(-5)*66*-5. Let a = g - y. What are the prime factors of a?
2, 13
Let y be 1 - (13 + 1) - 1. Let r = y + 9. Let z(i) = i**3 + 6*i**2 + 7. What are the prime factors of z(r)?
2
Let h be 72/27*51/(-2). What are the prime factors of 66/(((-6)/(-4))/((-255)/h))?
3, 5, 11
Suppose 674 = 15*h + 6254. Let q = h - -693. List the prime factors of q.
3, 107
Let i(t) = -t + 1. Let r be i(5). Suppose -4*q = q - 30. Let f = q + r. What are the prime factors of f?
2
Suppose u - 4 = -0. Suppose u*n + 4 + 8 = 0. Let z(m) = m**2 - 4*m + 1. What are the prime factors of z(n)?
2, 11
Let d = 3759 - 1907. List the prime factors of d.
2, 463
Let c = 36 + -31. Suppose 3*s - 9*b - 39 = -5*b, c*b = -4*s + 52. List the prime factors of s.
13
Suppose 2*n + 5*s = 458, -108 - 108 = -n + 4*s. List the prime factors of n.
2,